{"id":82,"date":"2025-06-24T11:09:04","date_gmt":"2025-06-24T11:09:04","guid":{"rendered":"https:\/\/www.antalyahalikoltuktemizleme.com\/?page_id=82"},"modified":"2025-06-24T11:09:04","modified_gmt":"2025-06-24T11:09:04","slug":"bize-ulasin","status":"publish","type":"page","link":"https:\/\/www.antalyahalikoltuktemizleme.com\/?page_id=82","title":{"rendered":"B\u0130ZE ULA\u015eIN"},"content":{"rendered":"\n<div class=\"wp-block-group alignfull has-accent-2-background-color has-background has-global-padding is-layout-constrained wp-container-core-group-is-layout-669513ed wp-block-group-is-layout-constrained\" style=\"margin-top:0;margin-bottom:0;padding-top:var(--wp--preset--spacing--50);padding-right:var(--wp--preset--spacing--50);padding-bottom:var(--wp--preset--spacing--50);padding-left:var(--wp--preset--spacing--50)\">\n<div class=\"wp-block-columns alignwide is-layout-flex wp-container-core-columns-is-layout-28f84493 wp-block-columns-is-layout-flex\">\n<div class=\"wp-block-column is-layout-flow wp-block-column-is-layout-flow\" style=\"flex-basis:40%\"><\/div>\n\n\n\n<div class=\"wp-block-column is-layout-flow wp-block-column-is-layout-flow\" style=\"flex-basis:60%\">\n<p class=\"has-heading-font-family has-x-large-font-size\" style=\"line-height:1.2\">PROFESYONEL HALI VE KOLTUK YIMAMA H\u0130ZMET\u0130 \u0130\u00c7\u0130N B\u0130ZE ULA\u015eIN<\/p>\n<\/div>\n<\/div>\n\n\n\n<div style=\"height:var(--wp--preset--spacing--40)\" aria-hidden=\"true\" class=\"wp-block-spacer\"><\/div>\n\n\n\n<figure class=\"wp-block-image alignwide size-large is-style-rounded is-style-rounded--1\"><img fetchpriority=\"high\" decoding=\"async\" width=\"724\" height=\"1024\" src=\"https:\/\/www.antalyahalikoltuktemizleme.com\/wp-content\/uploads\/2025\/06\/Lacivert-Geometrik-ve-Modern-Hali-Yikama-Afis-1-724x1024.png\" alt=\"\" class=\"wp-image-30\" srcset=\"https:\/\/www.antalyahalikoltuktemizleme.com\/wp-content\/uploads\/2025\/06\/Lacivert-Geometrik-ve-Modern-Hali-Yikama-Afis-1-724x1024.png 724w, https:\/\/www.antalyahalikoltuktemizleme.com\/wp-content\/uploads\/2025\/06\/Lacivert-Geometrik-ve-Modern-Hali-Yikama-Afis-1-212x300.png 212w, https:\/\/www.antalyahalikoltuktemizleme.com\/wp-content\/uploads\/2025\/06\/Lacivert-Geometrik-ve-Modern-Hali-Yikama-Afis-1-768x1086.png 768w, https:\/\/www.antalyahalikoltuktemizleme.com\/wp-content\/uploads\/2025\/06\/Lacivert-Geometrik-ve-Modern-Hali-Yikama-Afis-1-1086x1536.png 1086w, https:\/\/www.antalyahalikoltuktemizleme.com\/wp-content\/uploads\/2025\/06\/Lacivert-Geometrik-ve-Modern-Hali-Yikama-Afis-1-1448x2048.png 1448w, https:\/\/www.antalyahalikoltuktemizleme.com\/wp-content\/uploads\/2025\/06\/Lacivert-Geometrik-ve-Modern-Hali-Yikama-Afis-1.png 1587w\" sizes=\"(max-width: 724px) 100vw, 724px\" \/><\/figure>\n<\/div>\n\n\n\n<p><\/p>\n","protected":false},"excerpt":{"rendered":"<p>PROFESYONEL HALI VE KOLTUK YIMAMA H\u0130ZMET\u0130 \u0130\u00c7\u0130N B\u0130ZE ULA\u015eIN<\/p>\n","protected":false},"author":1,"featured_media":0,"parent":0,"menu_order":0,"comment_status":"closed","ping_status":"closed","template":"","meta":{"footnotes":""},"class_list":["post-82","page","type-page","status-publish","hentry"],"_links":{"self":[{"href":"https:\/\/www.antalyahalikoltuktemizleme.com\/index.php?rest_route=\/wp\/v2\/pages\/82","targetHints":{"allow":["GET"]}}],"collection":[{"href":"https:\/\/www.antalyahalikoltuktemizleme.com\/index.php?rest_route=\/wp\/v2\/pages"}],"about":[{"href":"https:\/\/www.antalyahalikoltuktemizleme.com\/index.php?rest_route=\/wp\/v2\/types\/page"}],"author":[{"embeddable":true,"href":"https:\/\/www.antalyahalikoltuktemizleme.com\/index.php?rest_route=\/wp\/v2\/users\/1"}],"replies":[{"embeddable":true,"href":"https:\/\/www.antalyahalikoltuktemizleme.com\/index.php?rest_route=%2Fwp%2Fv2%2Fcomments&post=82"}],"version-history":[{"count":1,"href":"https:\/\/www.antalyahalikoltuktemizleme.com\/index.php?rest_route=\/wp\/v2\/pages\/82\/revisions"}],"predecessor-version":[{"id":83,"href":"https:\/\/www.antalyahalikoltuktemizleme.com\/index.php?rest_route=\/wp\/v2\/pages\/82\/revisions\/83"}],"wp:attachment":[{"href":"https:\/\/www.antalyahalikoltuktemizleme.com\/index.php?rest_route=%2Fwp%2Fv2%2Fmedia&parent=82"}],"curies":[{"name":"wp","href":"https:\/\/api.w.org\/{rel}","templated":true}]}}