{"id":84,"date":"2025-06-24T11:11:11","date_gmt":"2025-06-24T11:11:11","guid":{"rendered":"https:\/\/www.antalyahalikoltuktemizleme.com\/?page_id=84"},"modified":"2025-06-24T11:12:18","modified_gmt":"2025-06-24T11:12:18","slug":"hali-yikama-asamalari","status":"publish","type":"page","link":"https:\/\/www.antalyahalikoltuktemizleme.com\/?page_id=84","title":{"rendered":"Hal\u0131 Y\u0131kama A\u015famalar\u0131"},"content":{"rendered":"\n<div class=\"wp-block-group alignfull has-accent-3-background-color has-background is-vertical is-content-justification-center is-layout-flex wp-container-core-group-is-layout-623b1cb9 wp-block-group-is-layout-flex\" style=\"min-height:100vh;margin-top:0;margin-bottom:0;padding-top:var(--wp--preset--spacing--60);padding-right:var(--wp--preset--spacing--50);padding-bottom:var(--wp--preset--spacing--60);padding-left:var(--wp--preset--spacing--50)\">\n<ul class=\"wp-block-list\">\n<li>1- M\u00fc\u015fterilerimiz firmam\u0131z\u0131 arad\u0131\u011f\u0131nda bize daha \u00f6nce hal\u0131 y\u0131katm\u0131\u015f ise hal\u0131 y\u0131kama program\u0131m\u0131z m\u00fc\u015fterimizi telefonundan otamatik olarak tan\u0131maktad\u0131r. Bizi ilk defa arayan m\u00fc\u015fterlerimizin adres bilgileri bilgisayar program\u0131na kaydedilerek sipari\u015f kay\u0131tlar\u0131n\u0131 olu\u015fturmaktay\u0131z.<\/li>\n\n\n\n<li>2- Uzman personelimiz hal\u0131lar\u0131n\u0131z\u0131 evlerinizden veya i\u015fyerlerinizden emanet makbuzu ile teslim al\u0131r.<\/li>\n\n\n\n<li>3- Teslim al\u0131nan\u00a0hal\u0131lar servis arac\u0131nda tek tek etiketlenir, bu sayede hal\u0131lar\u0131n\u0131z\u0131n kar\u0131\u015fmas\u0131 veya kay\u0131p olmas\u0131 \u00f6nlenmi\u015f olur.<\/li>\n\n\n\n<li>4- \u0130\u015fyerimize gelen hal\u0131lar\u0131n\u0131z \u00f6ncelikle cinsine ve temizleme i\u015flemine g\u00f6re ayr\u0131l\u0131r.<\/li>\n\n\n\n<li>5- Hal\u0131lar\u0131n\u0131z\u00a0hal\u0131 y\u0131kama\u00a0i\u015fleminden \u00f6nce tek tek kontrol edilerek, santimi santimine \u00f6l\u00e7\u00fclerek \u00f6l\u00e7\u00fcleri ve hal\u0131lardaki deformeler veya sorunlar\u0131 varsa kayda al\u0131n\u0131r.<\/li>\n\n\n\n<li>6- \u00d6l\u00e7\u00fcm ve ilk kontrolden ge\u00e7en hal\u0131 bol su ile tamamen \u0131slan\u0131r, tamamen \u0131slanan hal\u0131n\u0131n ilk \u015fampuanlama i\u015flemi yap\u0131l\u0131r, tamamen \u015fampuanlanan hal\u0131 hal\u0131 y\u0131kama makinesi ile y\u0131kan\u0131r.<\/li>\n\n\n\n<li>7- \u0130lk y\u0131kama i\u015flemi sonras\u0131 hal\u0131ya tazyikli su tutularak hal\u0131 \u00fczerindeki \u015fampuan ve k\u00f6p\u00fck gelberi ile temizlenir ayn\u0131 zamanda bu i\u015flem ile hal\u0131 dibindeki kirler ve tozlar temizlenmektedir.<\/li>\n\n\n\n<li>8- Bu k\u00f6p\u00fck temizleme i\u015flemi sonras\u0131 \u015fampuan ile \u00e7\u0131kmayan lekeler var ise bu lekeler profesyonel leke ila\u00e7lar\u0131 ile \u00e7\u0131kar\u0131l\u0131r.<\/li>\n\n\n\n<li>9- \u0130lk y\u0131kamadan sonra hal\u0131 ikinci kez \u015fampuanlanarak tekrar y\u0131kan\u0131r.<\/li>\n\n\n\n<li>10- \u0130kinci y\u0131kama i\u015flemi sonras\u0131 hal\u0131 tazyikli su ile tekrar durulan\u0131r.<\/li>\n\n\n\n<li>11- \u0130lk durulama i\u015flemi sonras\u0131 hal\u0131 y\u00fczeyindeki k\u00f6p\u00fckle birlikte hal\u0131 dibindeki kirlerde tekrar temizlenmi\u015f olur.<\/li>\n\n\n\n<li>12- Ayn\u0131 durulama i\u015flemi ikinci kez tekrarlan\u0131r.<\/li>\n\n\n\n<li>13- Tamamen durulanan hal\u0131 rulo \u015feklinde sar\u0131larak hal\u0131 rulo s\u0131kma makinesi ( santraf\u00fcj makinesi) ile tamamen suyu bitene kadar s\u0131k\u0131l\u0131r.<\/li>\n\n\n\n<li>14- S\u0131kma i\u015fleminden sonra hal\u0131 s\u0131kma sonras\u0131 leke ve temizlik kontrol masas\u0131nda a\u00e7\u0131larak y\u0131kama sonras\u0131 kontrol\u00fc yap\u0131lmaktad\u0131r.<\/li>\n\n\n\n<li>15- Bu kontrolde temizli\u011fi be\u011fenilmeyen hal\u0131 tekrar y\u0131kama i\u015flemine al\u0131n\u0131r.<\/li>\n\n\n\n<li>16-\u00a0S\u0131kma\u00a0i\u015flemi sonras\u0131 temizlik kontrol\u00fcnden ge\u00e7en hal\u0131 kapal\u0131 hal\u0131 kurutma b\u00f6l\u00fcm\u00fcne as\u0131larak s\u0131cak hava apereyleri ve nem al\u0131c\u0131 fan sistemi ile tamamen kurutulmaktad\u0131r.<\/li>\n\n\n\n<li>17- Kurutma b\u00f6l\u00fcm\u00fcnde tamamen kuruyan hal\u0131 katlanarak son kontrol b\u00f6l\u00fcm\u00fcne al\u0131n\u0131r.<\/li>\n\n\n\n<li>18- Hal\u0131 son kontrol masas\u0131nda amerikan mal\u0131 profesyonel vakum ve f\u0131r\u00e7alama makinesi ile tek tek vakumlanarak ve son kontrollerinden ge\u00e7irilerek katlan\u0131r.<\/li>\n\n\n\n<li>19- Katlama i\u015flemi biten hal\u0131 parf\u00fcmlenerek ambalajlan\u0131r.<\/li>\n\n\n\n<li>20- Ambalajlanarak teslime haz\u0131r hale gelen hal\u0131 guruplama raf\u0131na al\u0131n\u0131r.<\/li>\n\n\n\n<li>21- Guruplar\u0131 tamamlanan hal\u0131lar art\u0131k teslime haz\u0131rlard\u0131r.<\/li>\n\n\n\n<li>22- Temizleme i\u015flemi biten hal\u0131lar\u0131n, m\u00fc\u015fteri aramalar\u0131 yap\u0131larak, m\u00fc\u015fterilerimize s\u00f6z verdi\u011fimiz teslim g\u00fcn\u00fcnde ve teslim saatinde teslimatlar\u0131 yap\u0131l\u0131r.<\/li>\n\n\n\n<li>Hal\u0131 y\u0131kama a\u015famalar\u0131 ile ilgili makalemizde g\u00f6rd\u00fc\u011f\u00fcn\u00fcz gibi profesyonel yap\u0131lan bir hal\u0131 temizleme i\u015flemini 22 a\u015famada anlatabildik. \u015eimdi bir oto y\u0131kamac\u0131s\u0131nda y\u0131kanan bir hal\u0131 ile yukar\u0131daki a\u015famalardan ge\u00e7en bir hal\u0131 aras\u0131ndaki fark\u0131 siz de\u011ferli okurlar\u0131m\u0131za b\u0131rak\u0131yoruz.<\/li>\n<\/ul>\n<\/div>\n","protected":false},"excerpt":{"rendered":"","protected":false},"author":1,"featured_media":0,"parent":0,"menu_order":0,"comment_status":"closed","ping_status":"closed","template":"","meta":{"footnotes":""},"class_list":["post-84","page","type-page","status-publish","hentry"],"_links":{"self":[{"href":"https:\/\/www.antalyahalikoltuktemizleme.com\/index.php?rest_route=\/wp\/v2\/pages\/84","targetHints":{"allow":["GET"]}}],"collection":[{"href":"https:\/\/www.antalyahalikoltuktemizleme.com\/index.php?rest_route=\/wp\/v2\/pages"}],"about":[{"href":"https:\/\/www.antalyahalikoltuktemizleme.com\/index.php?rest_route=\/wp\/v2\/types\/page"}],"author":[{"embeddable":true,"href":"https:\/\/www.antalyahalikoltuktemizleme.com\/index.php?rest_route=\/wp\/v2\/users\/1"}],"replies":[{"embeddable":true,"href":"https:\/\/www.antalyahalikoltuktemizleme.com\/index.php?rest_route=%2Fwp%2Fv2%2Fcomments&post=84"}],"version-history":[{"count":2,"href":"https:\/\/www.antalyahalikoltuktemizleme.com\/index.php?rest_route=\/wp\/v2\/pages\/84\/revisions"}],"predecessor-version":[{"id":86,"href":"https:\/\/www.antalyahalikoltuktemizleme.com\/index.php?rest_route=\/wp\/v2\/pages\/84\/revisions\/86"}],"wp:attachment":[{"href":"https:\/\/www.antalyahalikoltuktemizleme.com\/index.php?rest_route=%2Fwp%2Fv2%2Fmedia&parent=84"}],"curies":[{"name":"wp","href":"https:\/\/api.w.org\/{rel}","templated":true}]}}